**2 + 3*z + 3. Let y be x(-15). Let l = 36 + y. Give t(l).
14
Let i(z) be the third derivative of z**7/1680 + z**6/360 - z**5/6 + 33*z**2. Let u(o) be the third derivative of i(o). Calculate u(-3).
-7
Let k(q) = -12*q. Let u = -129 + 128. Calculate k(u).
12
Let o = -14 + 15. Let b(a) = -2*a**2 - a + 3*a**2 - 5 + 9 - 3. Calculate b(o).
1
Let k be 3 - ((-2 - -3) + 0). Let y(m) = m - 5*m - k + m + m**2. Let o(q) = -2*q**3 - 27*q**2 - 72*q - 16. Let x be o(-10). Calculate y(x).
2
Let q(m) = -16*m**3 - m**2 - m + 1. Suppose 11*s - 17*s - 174 = 0. Let w = s + 30. Calculate q(w).
-17
Let v(i) = 14 + 4*i - 5*i - 5*i + 2*i. Let t(p) = -p + 1. Let h(y) = -3*t(y) + v(y). Determine h(0).
11
Let d(x) be the second derivative of -x**4/12 - x**3/6 + 6*x**2 - 750*x. Suppose 0 = l + 3*l. Calculate d(l).
12
Let s(n) = 1 + n**2 - 5*n + 0*n - 2*n. Let l be s(6). Let q(v) be the third derivative of -v**5/30 - v**4/4 + 7*v**3/6 + v**2 + 98. What is q(l)?
-13
Let u(b) be the first derivative of 2*b**3/3 + 5*b**2/2 + 2*b + 17. Calculate u(-3).
5
Let q(c) be the second derivative of 0 + 1/2*c**3 + 4*c - c**2. Give q(2).
4
Let z(c) = -3*c + 13. Let p(t) = -2*t + 9. Let q(s) = 7*p(s) - 5*z(s). Let r be q(7). Let m(i) = -2*i**3 + 0 + 3*i**3 - 4*i**2 - 7*i + 0. What is m(r)?
-10
Suppose -4*h = -2*y + 2, 0 = -4*h + y - 2 + 5. Let w(b) = -4*b**3 - 3*b + 2 + 6*b + b**h + 4*b**3 - b**3. Suppose -4*m = -0*m - 12. Calculate w(m).
-7
Suppose 113*q = 129*q + 32. Let n(x) = -3*x**3 - 6*x**2 - 2*x - 2. What is n(q)?
2
Let j(m) = -m**3 + 9*m**2 - 8*m + 3. Let h be 20/15*(0 + 6). Let i be j(h). Suppose -i*f = 8 - 2. Let s(k) = -2*k - 2. Give s(f).
2
Let i(r) = 197*r - 10 + 172*r - 368*r. Give i(-9).
-19
Let w(q) be the third derivative of q**6/120 - q**5/10 - 5*q**4/24 - q**3/6 - 2*q**2 + 43. Determine w(7).
13
Let d(z) be the second derivative of z**3 - 8*z**2 - 489*z. Determine d(5).
14
Let u(r) = -117*r + 131. Let b be u(1). Let p(z) = z**2 - 15*z + 18. Calculate p(b).
4
Suppose m + 10 = -m. Let f(r) be the third derivative of 0*r + 1/60*r**5 - 1/2*r**3 - 11*r**2 + 1/8*r**4 + 0. Determine f(m).
7
Let t(c) = -c - 14. Let o = -29 - -37. Let u(k) be the first derivative of -3*k**2/2 + 16*k - 3. Let d be u(o). Determine t(d).
-6
Let w(d) = 130*d**2 - 40*d**2 - 3 - 42*d**2 - 49*d**2 + d + 1. Determine w(0).
-2
Let w(q) = q - 9. Let r = 254 + -243. Determine w(r).
2
Let v(g) = g**2 + g. Let a(f) = -f. Let n(c) = -c**2 - c - 1. Let p(t) = a(t) + n(t). Let o(z) = 5*p(z) + 6*v(z). Calculate o(6).
7
Let j(d) = 13 - 21 + 9 - d. Suppose 0 = 3*s - 5*y + 25, 2*s + 20 = -s + 4*y. Let m = -4 + s. Determine j(m).
5
Let z(k) be the first derivative of k**3/3 - 5*k**2/2 - 2*k - 1. Suppose 56*o - 17*o - 195 = 0. What is z(o)?
-2
Let l(q) = -q**3 + 5*q**2 - 7*q + 6. Suppose 1025*m - 1014*m - 44 = 0. Determine l(m).
-6
Let k(x) = 3 - 4 + 9*x**2 - 3*x**3 + 4*x**3 - 3. Suppose -56 = 3*q - 5*c - 9, -4*q - 2*c - 28 = 0. What is k(q)?
-4
Let x(u) be the third derivative of u**4/24 - 2*u**3/3 + 141*u**2. Determine x(3).
-1
Let r(i) be the first derivative of -i**2/2 + 6*i - 2. Suppose -61*c + 56*c = 0. Give r(c).
6
Let c(o) be the third derivative of 3*o**2 - 1/12*o**4 + 0 - 1/3*o**3 + 0*o. Determine c(5).
-12
Let n = -449 + 448. Let k(h) = -h**2 - h - 3 + 3. What is k(n)?
0
Let s(r) = r**3 - 12*r**2 - 7*r + 6. Let j = 24 + -20. Let p(i) = -j*i**2 + 0*i + i**2 + i + 4*i**2. Let o(f) = 6*p(f) + s(f). Give o(6).
0
Let c(n) be the third derivative of -9*n**2 + 0*n + 0*n**3 + 0 - 5/24*n**4. Let x = -4 + 3. What is c(x)?
5
Let p = -44 - -45. Let s(f) = f**3 + f**2 - f - 1. Let j be s(p). Let v(y) = -y**2 - 3. Determine v(j).
-3
Let l be 15*(-2 + -1)*(-4)/12. Let k(g) = -g**2 + 14*g + 21. Let o be k(l). Let h(i) = i - 6. Give h(o).
0
Let u(z) = -z**2 - 7*z - 3. Suppose 2*p - 4*w + 0 = 8, 0 = -5*p - w - 2. Suppose r - 16 - 8 = p. Suppose -5*a - 1 = r. What is u(a)?
7
Let n(r) = 3*r**2 + 23*r + 19. Let g be n(-6). Let f(b) = -b**3 - 11*b**2 + b + 14. Determine f(g).
3
Let l(c) be the second derivative of 7/120*c**5 + 4/3*c**3 - 8*c + 0*c**2 - 1/360*c**6 + 0 - 5/24*c**4. Let u(d) be the second derivative of l(d). What is u(6)?
1
Let d(t) = t**3 - 9*t**2 - 10*t + 2. Let f be d(10). Let n(y) = -2*y**2 + 3*y - 1. Determine n(f).
-3
Let a(d) = d - 4. Let u(k) = 3 - 1 + 0 - 3. Let q(g) = a(g) - 5*u(g). Suppose l + 11 = 4*p - 12, -p - 1 = 2*l. What is q(p)?
6
Suppose -1943 = 7*b - 1999. Let w(a) = -a**3 + 9*a**2 - 7*a - 2. Calculate w(b).
6
Let u(o) = 2*o + 1. Suppose x = -5*s + 24 + 10, 5*s + 4*x - 46 = 0. Suppose -i - s + 2 = 0. Let h = 3 + i. What is u(h)?
-1
Let b(s) = -s. Let z be (-12)/3*(-4)/4. Let u = z - 4. Determine b(u).
0
Let k = 0 - -5. Suppose -4 = -2*g, -k*g + 12 = -f - f. Let w(d) = -d - 4. Let t(r) = -1. Let b(y) = -7*t(y) + 2*w(y). What is b(f)?
1
Suppose 3*a = 6*a - 9. Let m(o) = -2*o + a - 2*o - 2 + 5*o. Give m(0).
1
Let v(q) = 8*q + 1 - 5*q + 0 - 4*q + 0*q. What is v(-6)?
7
Let p(k) = 3 - k**2 - 1 - k - 2*k. Suppose 0*a + 4*a = 0, 0 = -2*x + a + 8. Suppose -2*l + 6 = -x*w, 0 = -2*w - 2*l - 4 - 14. Calculate p(w).
-2
Let l(x) = -3*x + 0*x - 3*x + x + 6*x + 4. Let m be (6/3)/(2/(-11)). Let z = m + 16. What is l(z)?
9
Suppose 67 = 5*c + g, -2*g - 34 = -20*c + 18*c. Let u(r) = -2*r + 25. What is u(c)?
-3
Let g(x) = 21*x - 94. Let i(w) = -10*w + 47. Let h(t) = 6*g(t) + 13*i(t). Let n be h(11). Let k(m) = -m**2 + m - 2. What is k(n)?
-8
Suppose 8 = 2*m - 3*o, -o = -2*m - 1 + 9. Suppose -m*x - x = 35. Let p(k) = k + 10. Give p(x).
3
Let o(u) = -4*u**2 - 13 - u**3 - 23 + 54 - 14. Let d be (-3)/(-15) - (-42)/(-10). Calculate o(d).
4
Let l(i) = -4*i**2 + i. Suppose 17 = -d - 2*w + 4*w, 4*d + 4*w = -128. Let y = 32 + d. Suppose v - y = -4. Calculate l(v).
-3
Let o(l) = -l + 4. Let y(t) = t**2 - 6*t + 10. Let g be y(5). Suppose -4*q - 19 = g. Calculate o(q).
10
Let c(m) = -2*m - 6. Let a(h) = -5*h - 6. Let r(b) = -a(b) + 3*c(b). What is r(-17)?
5
Let j = -3 - -3. Suppose j = n - 3*n + 28. Let r(o) = -5*o + 6 + n*o - 10*o. Calculate r(7).
-1
Let b(y) = -y**3 + 8*y**2 - 2*y + 13. Let k = -496 + 504. Give b(k).
-3
Let i(q) = -q**3 + 23*q**2 + 49*q + 20. Let m be i(25). Let c(g) = -g**3 - 5*g**2 - g + 5. What is c(m)?
10
Let d(a) = 14*a - 1. Let w(o) = -10*o + 1. Let h(u) = 3*d(u) + 4*w(u). Let b = 4 + -2. Calculate h(b).
5
Let b(q) = -20*q**2 - 14*q - 5. Let x(p) = 13*p**2 + 9*p + 3. Let o(y) = 5*b(y) + 8*x(y). What is o(3)?
41
Let j(v) be the second derivative of -7/12*v**4 - 6*v + 1/2*v**2 + 0*v**3 + 0. What is j(1)?
-6
Let c(f) = -f**2 + 7*f - 3. Let p be (3/6)/(5/(-260)). Let s = 33 + p. Let a be c(s). Let h(y) = y**3 + 4*y**2 + y - 4. Calculate h(a).
2
Let c(r) = -4*r**2 - 59*r + 25. Let f be c(-15). Let o(x) = -x**2 + 14*x - 9. Give o(f).
31
Let k(o) = 4*o - 8. Let q(c) = -c**3 - 8*c**2 - 10*c - 19. Let z be q(-7). Calculate k(z).
0
Let d(j) = -2*j**3 - j + 4. Let n = -120 + 122. What is d(n)?
-14
Let k(z) be the first derivative of z**3/6 - 11*z - 2. Let x(g) be the first derivative of k(g). Let t be x(6). Let n(i) = -i + 6. Determine n(t).
0
Let n(q) = 5*q**2 - 25*q + 20. Let g(t) = -t**2 + 4*t + 1. Let z(b) = -6*g(b) - n(b). Calculate z(0).
-26
Let n(d) be the second derivative of d**5/20 - 11*d**4/12 - 13*d**3/6 - 11*d**2/2 + 14*d + 3. What is n(12)?
-23
Let z = 22 + -7. Suppose 4*p + z = -25. Let r = -15 - p. Let d(i) = -i**3 - 5*i**2 + 4. Calculate d(r).
4
Suppose 3*p + 5*o - 24 = 0, 3*p + 4*o - 15 = 2*p. Let b(r) = 3*r - 3. Calculate b(p).
6
Let y(v) = 3*v + 4 - 60*v**2 - 78*v**2 + 139*v**2. Determine y(3).
22
Let o(h) be the second derivative of -h**5/60 - h**4/8 + h**3/2 - 37*h**2/2 + 37*h. Let s(i) be the first derivative of o(i). Determine s(-5).
-7
Suppose 4*g - 6*h = -5*h + 2, 5*h + 10 = 0. Suppose g = -3*a - 2 - 31. Let z(c) = c + 5. Determine z(a).
-6
Let g(h) = -14*h**3 - 20*h**2 + 40*h + 6. Let i(w) = 5*w**3 + 7*w**2 - 14*w - 2. Let u(c) = 4*g(c) + 11*i(c). What is u(-5)?
22
Let f(c) be the third derivative of -c**7/2520 + c**6/360 - 17*c**5/60 + 4*c**2. Let o(a) be the third derivative of f(a). What is o(-4)?
10
Suppose 1 = l - 0. Let t(p) be the third derivative of p**7/280 + p**4/24 - p**3/6 - 8*p**2. Let h(z) be the first derivative of t(z). What is h(l)?
4
Let m(j) = -2*j - 10. Let u 